{"id":8839,"date":"2012-06-15T10:48:17","date_gmt":"2012-06-15T09:48:17","guid":{"rendered":"\/?page_id=8839"},"modified":"2016-01-17T16:36:04","modified_gmt":"2016-01-17T15:36:04","slug":"third-language-criterion-for-promotion","status":"publish","type":"page","link":"https:\/\/renouveau-democratie.eu\/fr\/promotion-reclassement\/promotions\/third-language-criterion-for-promotion\/","title":{"rendered":"Art 45.2 &#8211; 3i\u00e8me langue"},"content":{"rendered":"<p align=\"center\"><strong><em>Premi\u00e8re promotion pour les fonctionnaires des grades AST1 \u2013 AST3 \u2013 AD5<\/em><\/strong><\/p>\n<p style=\"text-align: justify;\">Un certain nombre de fonctionnaires dans des grades \u00ab\u00a0d&rsquo;entr\u00e9e\u00a0\u00bb de carri\u00e8re (\u00e0 savoir AST1, AST3 et AD5) voient leur promotion retard\u00e9e bien qu&rsquo;ils aient les m\u00e9rites et l&rsquo;anciennet\u00e9 moyenne de 3 ans. La raison ? Parce qu&rsquo;ils n&rsquo;ont pas encore prouv\u00e9 leur capacit\u00e9 \u00e0 travailler dans une 3i\u00e8me langue.<\/p>\n<p>&nbsp;<\/p>\n<p><strong>Qu&rsquo;est ce qu&rsquo;il en est exactement ?<\/strong><\/p>\n<p>Le Statut indique dans l&rsquo;article 45.2:<\/p>\n<p><em>&lsquo;Le fonctionnaire est tenu de d\u00e9montrer, <strong>avant sa premi\u00e8re promotion apr\u00e8s recrutement<\/strong>, sa\u00a0capacit\u00e9 \u00e0 travailler dans une troisi\u00e8me langue &#8230;&rsquo;<\/em><\/p>\n<p style=\"text-align: justify;\">Bien que cela ne soit pas un probl\u00e8me pour un grand nombre de fonctionnaires qui rejoignent la Commission avec la connaissance de 3 langues ou plus, un certain nombre n&rsquo;ont que le minimum de deux langues \u00e0 leur entr\u00e9e \u00e0 la Commission. Ils doivent alors suivre les cours de formation linguistique et passer avec succ\u00e8s l&rsquo;examen au <strong>niveau 6<\/strong> (\u00e9quivalent au <strong>niveau B2<\/strong> dans une \u00e9cole linguistique) dans les deux ou trois ann\u00e9es suivant leur entr\u00e9e, afin d&rsquo;\u00eatre \u00e9ligible \u00e0 la promotion. <strong>Cela n&rsquo;est pas toujours simple, et est parfois sous-estim\u00e9 par certains<\/strong>.<\/p>\n<p style=\"text-align: justify;\">Il existe plusieurs moyens de prouver votre connaissance d&rsquo;une 3<sup>i\u00e8me<\/sup>\u00a0langue (plus d&rsquo;information\u00a0<a href=\"https:\/\/myintracomm.ec.europa.eu\/serv\/en\/epso\/services\/Pages\/third-language-requirement.aspx\">ici<\/a>)<\/p>\n<ul>\n<li>en suivant des cours de formation \u00e0 la Commission (jusqu&rsquo;au niveau 6). Vous b\u00e9n\u00e9ficiez d&rsquo;un acc\u00e8s prioritaire \u00e0 ces cours (cliquez sur \u00ab\u00a0Art 45.2\u00a0\u00bb lors de la cr\u00e9ation d&rsquo;une demande de formation linguistique)<\/li>\n<li>en suivant des cours dans une \u00e9cole priv\u00e9e de langues (jusqu&rsquo;au niveau B2)<\/li>\n<li>en suivant un test EPSO si vous ma\u00eetrisez d\u00e9j\u00e0 une troisi\u00e8me langue et n&rsquo;avez pas besoin de suivre une formation. Vous trouverez\u00a0<a href=\"https:\/\/myintracomm.ec.europa.eu\/serv\/en\/epso\/services\/Documents\/test-sessions-2016.pdf\">ici<\/a>\u00a0le calendrier de ces tests<\/li>\n<\/ul>\n<p>Prenez contact le plus t\u00f4t possible avec votre <strong>hi\u00e9rarchie<\/strong> et l&rsquo;<strong>unit\u00e9 de Ressources Humaines de votre DG\u00a0<\/strong>si vous avez besoin de plus de renseignements.<\/p>\n<ul>\n<li><strong>enregistrez-vous imm\u00e9diatement <\/strong>\u00e0 ces formations (sans oublier de mentionner &lsquo;priorit\u00e9 Art 45.2&rsquo;)<\/li>\n<li>il est \u00e9galement possible de suivre des <strong>formations intensives\/semi-intensives durant l&rsquo;\u00e9t\u00e9<\/strong> et ainsi de <strong>passer 2 niveaux<\/strong> en suppl\u00e9ment des cours enseign\u00e9s durant l&rsquo;ann\u00e9e<\/li>\n<\/ul>\n<p>&nbsp;<\/p>\n<p><strong><em>Jusqu&rsquo;\u00e0 quand puis-je prouver ma capacit\u00e9 \u00e0 travailler dans une troisi\u00e8me langue et ainsi \u00eatre promu lors de cet exercice de promotion ?<\/em><\/strong><\/p>\n<p>Jusqu&rsquo;au 31 D\u00e9cembre 2016. Bien que les listes de promotion soient publi\u00e9es avant cette date, une liste compl\u00e9mentaire sera publi\u00e9e ult\u00e9rieurement (en 2016) avec effet r\u00e9troactif au 1 janvier 2016.<\/p>\n<p>Pour plus d&rsquo;information sur le sujet, veuillez consulter l&rsquo;information administrative publi\u00e9e sur myIntracomm ( <a href=\"https:\/\/myintracomm.ec.europa.eu\/infoadm\/en\/2012\/Pages\/ia12011.aspx\">lien<\/a>\u00a0)<\/p>\n<p><strong><em>Puis-je modifier mon choix de troisi\u00e8me langue ?<\/em><\/strong><\/p>\n<p><strong>Non !\u00a0<\/strong><\/p>\n<p><strong><em>Que se passe-t-il pour les promotions ult\u00e9rieures ?<\/em><\/strong><\/p>\n<p>Rien. Cette capacit\u00e9 \u00e0 travailler dans une troisi\u00e8me langue n&rsquo;est requise que lors de la premi\u00e8re promotion.<\/p>\n","protected":false},"excerpt":{"rendered":"<p>Premi\u00e8re promotion pour les fonctionnaires des grades AST1 \u2013 AST3 \u2013 AD5 Un certain nombre de fonctionnaires dans des grades \u00ab\u00a0d&rsquo;entr\u00e9e\u00a0\u00bb de carri\u00e8re (\u00e0 savoir AST1, AST3 et AD5) voient leur promotion retard\u00e9e bien qu&rsquo;ils aient les m\u00e9rites et l&rsquo;anciennet\u00e9 moyenne de 3 ans. La raison ? Parce qu&rsquo;ils n&rsquo;ont pas encore prouv\u00e9 leur capacit\u00e9 [&hellip;]<\/p>\n","protected":false},"author":19,"featured_media":0,"parent":19182,"menu_order":4,"comment_status":"closed","ping_status":"closed","template":"","meta":{"footnotes":""},"_links":{"self":[{"href":"https:\/\/renouveau-democratie.eu\/fr\/wp-json\/wp\/v2\/pages\/8839"}],"collection":[{"href":"https:\/\/renouveau-democratie.eu\/fr\/wp-json\/wp\/v2\/pages"}],"about":[{"href":"https:\/\/renouveau-democratie.eu\/fr\/wp-json\/wp\/v2\/types\/page"}],"author":[{"embeddable":true,"href":"https:\/\/renouveau-democratie.eu\/fr\/wp-json\/wp\/v2\/users\/19"}],"replies":[{"embeddable":true,"href":"https:\/\/renouveau-democratie.eu\/fr\/wp-json\/wp\/v2\/comments?post=8839"}],"version-history":[{"count":16,"href":"https:\/\/renouveau-democratie.eu\/fr\/wp-json\/wp\/v2\/pages\/8839\/revisions"}],"predecessor-version":[{"id":8841,"href":"https:\/\/renouveau-democratie.eu\/fr\/wp-json\/wp\/v2\/pages\/8839\/revisions\/8841"}],"up":[{"embeddable":true,"href":"https:\/\/renouveau-democratie.eu\/fr\/wp-json\/wp\/v2\/pages\/19182"}],"wp:attachment":[{"href":"https:\/\/renouveau-democratie.eu\/fr\/wp-json\/wp\/v2\/media?parent=8839"}],"curies":[{"name":"wp","href":"https:\/\/api.w.org\/{rel}","templated":true}]}}

Art 45.2 &#8211; 3ième langue

<p align="center"><strong><em>Première promotion pour les fonctionnaires des grades AST1 – AST3 – AD5</em></strong></p>
<p style="text-align: justify;">Un certain nombre de fonctionnaires dans des grades « d&rsquo;entrée » de carrière (à savoir AST1, AST3 et AD5) voient leur promotion retardée bien qu&rsquo;ils aient les mérites et l&rsquo;ancienneté moyenne de 3 ans. La raison ? Parce qu&rsquo;ils n&rsquo;ont pas encore prouvé leur capacité à travailler dans une 3ième langue.</p>
<p>&nbsp;</p>
<p><strong>Qu&rsquo;est ce qu&rsquo;il en est exactement ?</strong></p>
<p>Le Statut indique dans l&rsquo;article 45.2:</p>
<p><em>&lsquo;Le fonctionnaire est tenu de démontrer, <strong>avant sa première promotion après recrutement</strong>, sa capacité à travailler dans une troisième langue &#8230;&rsquo;</em></p>
<p style="text-align: justify;">Bien que cela ne soit pas un problème pour un grand nombre de fonctionnaires qui rejoignent la Commission avec la connaissance de 3 langues ou plus, un certain nombre n&rsquo;ont que le minimum de deux langues à leur entrée à la Commission. Ils doivent alors suivre les cours de formation linguistique et passer avec succès l&rsquo;examen au <strong>niveau 6</strong> (équivalent au <strong>niveau B2</strong> dans une école linguistique) dans les deux ou trois années suivant leur entrée, afin d&rsquo;être éligible à la promotion. <strong>Cela n&rsquo;est pas toujours simple, et est parfois sous-estimé par certains</strong>.</p>
<p style="text-align: justify;">Il existe plusieurs moyens de prouver votre connaissance d&rsquo;une 3<sup>ième</sup> langue (plus d&rsquo;information <a href="https://myintracomm.ec.europa.eu/serv/en/epso/services/Pages/third-language-requirement.aspx">ici</a>)</p>
<ul>
<li>en suivant des cours de formation à la Commission (jusqu&rsquo;au niveau 6). Vous bénéficiez d&rsquo;un accès prioritaire à ces cours (cliquez sur « Art 45.2 » lors de la création d&rsquo;une demande de formation linguistique)</li>
<li>en suivant des cours dans une école privée de langues (jusqu&rsquo;au niveau B2)</li>
<li>en suivant un test EPSO si vous maîtrisez déjà une troisième langue et n&rsquo;avez pas besoin de suivre une formation. Vous trouverez <a href="https://myintracomm.ec.europa.eu/serv/en/epso/services/Documents/test-sessions-2016.pdf">ici</a> le calendrier de ces tests</li>
</ul>
<p>Prenez contact le plus tôt possible avec votre <strong>hiérarchie</strong> et l&rsquo;<strong>unité de Ressources Humaines de votre DG </strong>si vous avez besoin de plus de renseignements.</p>
<ul>
<li><strong>enregistrez-vous immédiatement </strong>à ces formations (sans oublier de mentionner &lsquo;priorité Art 45.2&rsquo;)</li>
<li>il est également possible de suivre des <strong>formations intensives/semi-intensives durant l&rsquo;été</strong> et ainsi de <strong>passer 2 niveaux</strong> en supplément des cours enseignés durant l&rsquo;année</li>
</ul>
<p>&nbsp;</p>
<p><strong><em>Jusqu&rsquo;à quand puis-je prouver ma capacité à travailler dans une troisième langue et ainsi être promu lors de cet exercice de promotion ?</em></strong></p>
<p>Jusqu&rsquo;au 31 Décembre 2016. Bien que les listes de promotion soient publiées avant cette date, une liste complémentaire sera publiée ultérieurement (en 2016) avec effet rétroactif au 1 janvier 2016.</p>
<p>Pour plus d&rsquo;information sur le sujet, veuillez consulter l&rsquo;information administrative publiée sur myIntracomm ( <a href="https://myintracomm.ec.europa.eu/infoadm/en/2012/Pages/ia12011.aspx">lien</a> )</p>
<p><strong><em>Puis-je modifier mon choix de troisième langue ?</em></strong></p>
<p><strong>Non ! </strong></p>
<p><strong><em>Que se passe-t-il pour les promotions ultérieures ?</em></strong></p>
<p>Rien. Cette capacité à travailler dans une troisième langue n&rsquo;est requise que lors de la première promotion.</p>

<p>Première promotion pour les fonctionnaires des grades AST1 – AST3 – AD5 Un certain nombre de fonctionnaires dans des grades « d&rsquo;entrée » de carrière (à savoir AST1, AST3 et AD5) voient leur promotion retardée bien qu&rsquo;ils aient les mérites et l&rsquo;ancienneté moyenne de 3 ans. La raison ? Parce qu&rsquo;ils n&rsquo;ont pas encore prouvé leur capacité [&hellip;]</p>
