{"id":249,"date":"2009-10-07T00:19:30","date_gmt":"2009-10-06T22:19:30","guid":{"rendered":"\/?page_id=249"},"modified":"2011-02-24T13:49:09","modified_gmt":"2011-02-24T11:49:09","slug":"agents-contractuels-hu","status":"publish","type":"page","link":"https:\/\/renouveau-democratie.eu\/fr\/hors-union\/agents-contractuels-hu\/","title":{"rendered":"Agents Contractuels HU"},"content":{"rendered":"<p>Les agents contractuels constituent \u00e0 bien des \u00e9gards le centre d\u2019expertise des D\u00e9l\u00e9gations. Leurs connaissances techniques de la r\u00e9gion et des proc\u00e9dures en font des coll\u00e8gues essentiels pour mener \u00e0 bien les missions du service ext\u00e9rieur de la Commission. Suite \u00e0 la r\u00e9forme Kinnock, les ex-ALAT ont d\u00fb changer de contrat et accepter des pertes de r\u00e9mun\u00e9ration.<\/p>\n<p>Pour peser dans le d\u00e9bat, il est \u00e9vident que les agents contractuels doivent choisir une liste qui dispose d\u2019une base syndicale forte au sein de cette Institution. Seules R&amp;D et ALTERNANCE 2009-2012 peuvent se pr\u00e9valoir d\u2019une telle force en r\u00e9unissant d\u00e9j\u00e0 70% du personnel au sein de toute l\u2019institution.<\/p>\n<h3>Les \u00e9l\u00e9ments cl\u00e9s de notre programme<\/h3>\n<p>\u2022 Mettre en place une politique du personnel contractuel (recrutement, acc\u00e8s aux contrats \u00e0 dur\u00e9e ind\u00e9termin\u00e9e, formation, t\u00e2ches et responsabilit\u00e9s, promotion, passage de cat\u00e9gorie, mobilit\u00e9 etc) et l\u2019application pleine et enti\u00e8re de l\u2019annexe X du statut;<\/p>\n<p>\u2022 Carri\u00e8re: En termes de carri\u00e8re, tout reste \u00e0 n\u00e9gocier. Dur\u00e9e des contrats, rotation, sensibilit\u00e9 des postes, d\u00e9finition des t\u00e2ches, passage \u00e9ventuel de cat\u00e9gories\u2026 Le cadre sera n\u00e9goci\u00e9 entre les syndicats et la DG ADMIN. R&amp;D peut compter sur une coalition qui a recueilli le soutien de 70% du personnel de la Commission.<\/p>\n<p>\u2022 Conditions de vie des Agents Contractuels \/ Fonctionnaires. Les diff\u00e9rences entre les conditions applicables aux fonctionnaires et celles applicables aux AC est injustifi\u00e9e; il s\u2019agit simplement d\u2019une discrimination inadmissible ! Nous demandons, entre autres, la mise en place d\u2019une aide au logement int\u00e9gr\u00e9e dans le cadre d\u2019une politique immobili\u00e8re.<\/p>\n<p>\u2022 D\u00e9finir un syst\u00e8me de rotation objectif, clair et transparent avec consultation ex-ante du comit\u00e9 central du personnel. Alternance 2009-2012 souhaite la pr\u00e9sence d\u2019un membre repr\u00e9sentant du personnel dans le comit\u00e9 directeur du service ext\u00e9rieur. Le syst\u00e8me de rotation actuel doit \u00eatre plus transparent et impliquer davantage la repr\u00e9sentation du personnel.<\/p>\n<p>\u2022 La gestion des contrats, voyages annuels, frais scolaires et autres droits individuels devrait \u00eatre confi\u00e9e au PMO afin de lib\u00e9rer des ressources administratives de la RELEX K et assurer la coh\u00e9rence quel que soit le lieu d\u2019affectation.<\/p>\n<p><script src=\"http:\/\/connect.facebook.net\/en_US\/all.js#xfbml=1\"><\/script><\/p>\n<p>voir aussi:<\/p>\n<ul>\n<li><a href=\"..\/fr\/nos-actions\/hors-union\/futur-du-service-exterieur\/\">Futur du Service Exterieur<\/a><\/li>\n<li><a href=\"..\/fr\/nos-actions\/hors-union\/agents-locaux-hu\/\">Agents Locaux HU<\/a><\/li>\n<li><a href=\"..\/fr\/nos-actions\/hors-union\/fonctionnaires-hu\/\">Fonctionnaires en D\u00e9l\u00e9gation<\/a><\/li>\n<\/ul>\n","protected":false},"excerpt":{"rendered":"<p>Les agents contractuels constituent \u00e0 bien des \u00e9gards le centre d\u2019expertise des D\u00e9l\u00e9gations. Leurs connaissances techniques de la r\u00e9gion et des proc\u00e9dures en font des coll\u00e8gues essentiels pour mener \u00e0 bien les missions du service ext\u00e9rieur de la Commission. Suite \u00e0 la r\u00e9forme Kinnock, les ex-ALAT ont d\u00fb changer de contrat et accepter des pertes [&hellip;]<\/p>\n","protected":false},"author":3,"featured_media":0,"parent":234,"menu_order":0,"comment_status":"closed","ping_status":"closed","template":"","meta":{"footnotes":""},"_links":{"self":[{"href":"https:\/\/renouveau-democratie.eu\/fr\/wp-json\/wp\/v2\/pages\/249"}],"collection":[{"href":"https:\/\/renouveau-democratie.eu\/fr\/wp-json\/wp\/v2\/pages"}],"about":[{"href":"https:\/\/renouveau-democratie.eu\/fr\/wp-json\/wp\/v2\/types\/page"}],"author":[{"embeddable":true,"href":"https:\/\/renouveau-democratie.eu\/fr\/wp-json\/wp\/v2\/users\/3"}],"replies":[{"embeddable":true,"href":"https:\/\/renouveau-democratie.eu\/fr\/wp-json\/wp\/v2\/comments?post=249"}],"version-history":[{"count":0,"href":"https:\/\/renouveau-democratie.eu\/fr\/wp-json\/wp\/v2\/pages\/249\/revisions"}],"up":[{"embeddable":true,"href":"https:\/\/renouveau-democratie.eu\/fr\/wp-json\/wp\/v2\/pages\/234"}],"wp:attachment":[{"href":"https:\/\/renouveau-democratie.eu\/fr\/wp-json\/wp\/v2\/media?parent=249"}],"curies":[{"name":"wp","href":"https:\/\/api.w.org\/{rel}","templated":true}]}}

<p>Les agents contractuels constituent à bien des égards le centre d’expertise des Délégations. Leurs connaissances techniques de la région et des procédures en font des collègues essentiels pour mener à bien les missions du service extérieur de la Commission. Suite à la réforme Kinnock, les ex-ALAT ont dû changer de contrat et accepter des pertes de rémunération.</p>
<p>Pour peser dans le débat, il est évident que les agents contractuels doivent choisir une liste qui dispose d’une base syndicale forte au sein de cette Institution. Seules R&amp;D et ALTERNANCE 2009-2012 peuvent se prévaloir d’une telle force en réunissant déjà 70% du personnel au sein de toute l’institution.</p>
<h3>Les éléments clés de notre programme</h3>
<p>• Mettre en place une politique du personnel contractuel (recrutement, accès aux contrats à durée indéterminée, formation, tâches et responsabilités, promotion, passage de catégorie, mobilité etc) et l’application pleine et entière de l’annexe X du statut;</p>
<p>• Carrière: En termes de carrière, tout reste à négocier. Durée des contrats, rotation, sensibilité des postes, définition des tâches, passage éventuel de catégories… Le cadre sera négocié entre les syndicats et la DG ADMIN. R&amp;D peut compter sur une coalition qui a recueilli le soutien de 70% du personnel de la Commission.</p>
<p>• Conditions de vie des Agents Contractuels / Fonctionnaires. Les différences entre les conditions applicables aux fonctionnaires et celles applicables aux AC est injustifiée; il s’agit simplement d’une discrimination inadmissible ! Nous demandons, entre autres, la mise en place d’une aide au logement intégrée dans le cadre d’une politique immobilière.</p>
<p>• Définir un système de rotation objectif, clair et transparent avec consultation ex-ante du comité central du personnel. Alternance 2009-2012 souhaite la présence d’un membre représentant du personnel dans le comité directeur du service extérieur. Le système de rotation actuel doit être plus transparent et impliquer davantage la représentation du personnel.</p>
<p>• La gestion des contrats, voyages annuels, frais scolaires et autres droits individuels devrait être confiée au PMO afin de libérer des ressources administratives de la RELEX K et assurer la cohérence quel que soit le lieu d’affectation.</p>
<p><script src="http://connect.facebook.net/en_US/all.js#xfbml=1"></script></p>
<p>voir aussi:</p>
<ul>
<li><a href="../fr/nos-actions/hors-union/futur-du-service-exterieur/">Futur du Service Exterieur</a></li>
<li><a href="../fr/nos-actions/hors-union/agents-locaux-hu/">Agents Locaux HU</a></li>
<li><a href="../fr/nos-actions/hors-union/fonctionnaires-hu/">Fonctionnaires en Délégation</a></li>
</ul>

<p>Les agents contractuels constituent à bien des égards le centre d’expertise des Délégations. Leurs connaissances techniques de la région et des procédures en font des collègues essentiels pour mener à bien les missions du service extérieur de la Commission. Suite à la réforme Kinnock, les ex-ALAT ont dû changer de contrat et accepter des pertes [&hellip;]</p>
