{"id":21,"date":"2009-09-28T17:42:08","date_gmt":"2009-09-28T15:42:08","guid":{"rendered":"\/?page_id=21"},"modified":"2021-09-10T03:08:40","modified_gmt":"2021-09-10T01:08:40","slug":"nos-services","status":"publish","type":"page","link":"https:\/\/renouveau-democratie.eu\/fr\/nos-services\/","title":{"rendered":"Nos Services"},"content":{"rendered":"\n<div style=\"height:20px\" aria-hidden=\"true\" class=\"wp-block-spacer\"><\/div>\n\n\n\n<p>D\u00e8s sa cr\u00e9ation, <strong>R&amp;D<\/strong> a \u0153uvr\u00e9 avec conviction pour la d\u00e9fense de la fonction publique europ\u00e9enne et orient\u00e9 ses activit\u00e9s afin de rendre des services utiles \u00e0 tout le Personnel des Institutions europ\u00e9ennes.<\/p>\n\n\n\n<p>Syndicat d\u00e9mocratique, <strong>R&amp;D<\/strong> est ouvert \u00e0 tous et offre un certain nombre de services aussi bien aux affili\u00e9s qu&rsquo;\u00e0 tout fonctionnaire qui fait appel \u00e0 lui.<\/p>\n\n\n\n<p>En premier lieu, <strong>R&amp;D<\/strong> a cr\u00e9\u00e9 un service assistance juridique qui s&rsquo;est r\u00e9v\u00e9l\u00e9 d&rsquo;une tr\u00e8s grande utilit\u00e9 dans le cadre de litiges opposant des fonctionnaires \u00e0 l&rsquo;administration.<\/p>\n\n\n\n<p><strong>R&amp;D <\/strong>propose des cours de formation tr\u00e8s appr\u00e9ci\u00e9s par le personnel. Ces cours s&rsquo;inscrivent dans le cadre de la formation professionnelle continue et visent \u00e0 apporter une aide efficace lors de la pr\u00e9paration de concours internes et externes. Ils sont r\u00e9serv\u00e9s en priorit\u00e9 \u00e0 nos membres et sont \u00e9galement accessibles, gratuitement, aux autres personnes.<\/p>\n\n\n\n<div style=\"height:43px\" aria-hidden=\"true\" class=\"wp-block-spacer\"><\/div>\n\n\n\n<div class=\"wp-block-columns is-layout-flex wp-container-core-columns-is-layout-2 wp-block-columns-is-layout-flex\">\n<div class=\"wp-block-column is-layout-flow wp-block-column-is-layout-flow\" style=\"flex-basis:25%\"><\/div>\n\n\n\n<div class=\"wp-block-column is-layout-flow wp-block-column-is-layout-flow\" style=\"flex-basis:50%\">\n<div class=\"wp-block-columns is-layout-flex wp-container-core-columns-is-layout-1 wp-block-columns-is-layout-flex\">\n<div class=\"wp-block-column is-layout-flow wp-block-column-is-layout-flow\">\n<figure class=\"wp-block-image size-large\"><img loading=\"lazy\" decoding=\"async\" width=\"601\" height=\"401\" src=\"\/wp-content\/uploads\/2021\/01\/service-juridique-web.png\" alt=\"\" class=\"wp-image-22344\" srcset=\"https:\/\/renouveau-democratie.eu\/wp-content\/uploads\/2021\/01\/service-juridique-web.png 601w, https:\/\/renouveau-democratie.eu\/wp-content\/uploads\/2021\/01\/service-juridique-web-300x200.png 300w\" sizes=\"(max-width: 601px) 100vw, 601px\" \/><\/figure>\n\n\n\n<h4 class=\"has-text-align-center wp-block-heading\"><strong><a href=\"\/fr\/service-juridique-2\/\">Service juridique<\/a><\/strong><\/h4>\n<\/div>\n\n\n\n<div class=\"wp-block-column is-layout-flow wp-block-column-is-layout-flow\">\n<figure class=\"wp-block-image size-large\"><img loading=\"lazy\" decoding=\"async\" width=\"601\" height=\"401\" src=\"\/wp-content\/uploads\/2021\/01\/formation-web.png\" alt=\"\" class=\"wp-image-22349\" srcset=\"https:\/\/renouveau-democratie.eu\/wp-content\/uploads\/2021\/01\/formation-web.png 601w, https:\/\/renouveau-democratie.eu\/wp-content\/uploads\/2021\/01\/formation-web-300x200.png 300w\" sizes=\"(max-width: 601px) 100vw, 601px\" \/><\/figure>\n\n\n\n<h4 class=\"has-text-align-center wp-block-heading\"><a href=\"\/fr\/nos-services\/formations\/\" target=\"_blank\" rel=\"noreferrer noopener\"><strong>Formations<\/strong><\/a><\/h4>\n<\/div>\n<\/div>\n\n\n\n<p><\/p>\n<\/div>\n\n\n\n<div class=\"wp-block-column is-layout-flow wp-block-column-is-layout-flow\" style=\"flex-basis:25%\"><\/div>\n<\/div>\n\n\n\n<p><\/p>\n","protected":false},"excerpt":{"rendered":"<p>D\u00e8s sa cr\u00e9ation, R&amp;D a \u0153uvr\u00e9 avec conviction pour la d\u00e9fense de la fonction publique europ\u00e9enne et orient\u00e9 ses activit\u00e9s afin de rendre des services utiles \u00e0 tout le Personnel des Institutions europ\u00e9ennes. Syndicat d\u00e9mocratique, R&amp;D est ouvert \u00e0 tous et offre un certain nombre de services aussi bien aux affili\u00e9s qu&rsquo;\u00e0 tout fonctionnaire qui [&hellip;]<\/p>\n","protected":false},"author":1,"featured_media":0,"parent":0,"menu_order":10,"comment_status":"closed","ping_status":"closed","template":"","meta":{"footnotes":""},"_links":{"self":[{"href":"https:\/\/renouveau-democratie.eu\/fr\/wp-json\/wp\/v2\/pages\/21"}],"collection":[{"href":"https:\/\/renouveau-democratie.eu\/fr\/wp-json\/wp\/v2\/pages"}],"about":[{"href":"https:\/\/renouveau-democratie.eu\/fr\/wp-json\/wp\/v2\/types\/page"}],"author":[{"embeddable":true,"href":"https:\/\/renouveau-democratie.eu\/fr\/wp-json\/wp\/v2\/users\/1"}],"replies":[{"embeddable":true,"href":"https:\/\/renouveau-democratie.eu\/fr\/wp-json\/wp\/v2\/comments?post=21"}],"version-history":[{"count":11,"href":"https:\/\/renouveau-democratie.eu\/fr\/wp-json\/wp\/v2\/pages\/21\/revisions"}],"predecessor-version":[{"id":26893,"href":"https:\/\/renouveau-democratie.eu\/fr\/wp-json\/wp\/v2\/pages\/21\/revisions\/26893"}],"wp:attachment":[{"href":"https:\/\/renouveau-democratie.eu\/fr\/wp-json\/wp\/v2\/media?parent=21"}],"curies":[{"name":"wp","href":"https:\/\/api.w.org\/{rel}","templated":true}]}}

<div style="height:20px" aria-hidden="true" class="wp-block-spacer"></div>



<p>Dès sa création, <strong>R&amp;D</strong> a œuvré avec conviction pour la défense de la fonction publique européenne et orienté ses activités afin de rendre des services utiles à tout le Personnel des Institutions européennes.</p>



<p>Syndicat démocratique, <strong>R&amp;D</strong> est ouvert à tous et offre un certain nombre de services aussi bien aux affiliés qu&rsquo;à tout fonctionnaire qui fait appel à lui.</p>



<p>En premier lieu, <strong>R&amp;D</strong> a créé un service assistance juridique qui s&rsquo;est révélé d&rsquo;une très grande utilité dans le cadre de litiges opposant des fonctionnaires à l&rsquo;administration.</p>



<p><strong>R&amp;D </strong>propose des cours de formation très appréciés par le personnel. Ces cours s&rsquo;inscrivent dans le cadre de la formation professionnelle continue et visent à apporter une aide efficace lors de la préparation de concours internes et externes. Ils sont réservés en priorité à nos membres et sont également accessibles, gratuitement, aux autres personnes.</p>



<div style="height:43px" aria-hidden="true" class="wp-block-spacer"></div>



<div class="wp-block-columns is-layout-flex wp-container-core-columns-is-layout-2 wp-block-columns-is-layout-flex">
<div class="wp-block-column is-layout-flow wp-block-column-is-layout-flow" style="flex-basis:25%"></div>



<div class="wp-block-column is-layout-flow wp-block-column-is-layout-flow" style="flex-basis:50%">
<div class="wp-block-columns is-layout-flex wp-container-core-columns-is-layout-1 wp-block-columns-is-layout-flex">
<div class="wp-block-column is-layout-flow wp-block-column-is-layout-flow">
<figure class="wp-block-image size-large"><img loading="lazy" decoding="async" width="601" height="401" src="/wp-content/uploads/2021/01/service-juridique-web.png" alt="" class="wp-image-22344" srcset="https://renouveau-democratie.eu/wp-content/uploads/2021/01/service-juridique-web.png 601w, https://renouveau-democratie.eu/wp-content/uploads/2021/01/service-juridique-web-300x200.png 300w" sizes="(max-width: 601px) 100vw, 601px" /></figure>



<h4 class="has-text-align-center wp-block-heading"><strong><a href="/fr/service-juridique-2/">Service juridique</a></strong></h4>
</div>



<div class="wp-block-column is-layout-flow wp-block-column-is-layout-flow">
<figure class="wp-block-image size-large"><img loading="lazy" decoding="async" width="601" height="401" src="/wp-content/uploads/2021/01/formation-web.png" alt="" class="wp-image-22349" srcset="https://renouveau-democratie.eu/wp-content/uploads/2021/01/formation-web.png 601w, https://renouveau-democratie.eu/wp-content/uploads/2021/01/formation-web-300x200.png 300w" sizes="(max-width: 601px) 100vw, 601px" /></figure>



<h4 class="has-text-align-center wp-block-heading"><a href="/fr/nos-services/formations/" target="_blank" rel="noreferrer noopener"><strong>Formations</strong></a></h4>
</div>
</div>



<p></p>
</div>



<div class="wp-block-column is-layout-flow wp-block-column-is-layout-flow" style="flex-basis:25%"></div>
</div>



<p></p>

<p>Dès sa création, R&amp;D a œuvré avec conviction pour la défense de la fonction publique européenne et orienté ses activités afin de rendre des services utiles à tout le Personnel des Institutions européennes. Syndicat démocratique, R&amp;D est ouvert à tous et offre un certain nombre de services aussi bien aux affiliés qu&rsquo;à tout fonctionnaire qui [&hellip;]</p>
