{"id":15410,"date":"2016-12-08T19:40:52","date_gmt":"2016-12-08T17:40:52","guid":{"rendered":"\/political-concertation-conclusions-2\/"},"modified":"2016-12-08T19:58:06","modified_gmt":"2016-12-08T17:58:06","slug":"political-concertation-conclusions","status":"publish","type":"page","link":"https:\/\/renouveau-democratie.eu\/fr\/political-concertation-conclusions\/","title":{"rendered":"Concertation politique &#8211; Conclusions"},"content":{"rendered":"<p>08 d\u00e9cembre 2016: <a href=\"\/wp-content\/uploads\/2016\/12\/Note-IS-to-OSP-CP-DGE-AC.pdf\">Note \u00e0 l&rsquo;attention des OSP repr\u00e9sentatives <\/a><\/p>\n<p><a href=\"\/wp-content\/uploads\/2016\/12\/Projet-de-nouvelles-DGE-AC.pdf\">Projet de nouvelles DGE<\/a><\/p>\n<p><a href=\"\/wp-content\/uploads\/2016\/12\/Annexe-I-DGE-AC.pdf\">Annexe I<\/a> : modalit\u00e9 de s\u00e9lection des agents contractuels<\/p>\n<p><a href=\"\/wp-content\/uploads\/2016\/12\/Annexe-II-DGE-AC.pdf\">Annexe II<\/a>: modalit\u00e9s de prise en compte des qualifictations et de l&rsquo;exp\u00e9rience professionnelle aux fins du classement des agents contractuels dans leur groupe de fonctions<\/p>\n<p><a href=\"\/wp-content\/uploads\/2016\/12\/Annexe-III-DGE-AC.pdf\">Annexe III<\/a>: r\u00e8gles applicables en cas de changement d&rsquo;engagement \u00e0 la suite d&rsquo;un contrat avec la Commission ou avec une autre institution au sens de l&rsquo;article 1er bis du Statut<\/p>\n<p><a href=\"\/wp-content\/uploads\/2016\/12\/Relev%C3%A9-de-conclusions-de-la-CP-sur-les-DGE-AC.pdf\">Final conclusions of the political concertation <\/a>meeting between Vice-President Georgieva and the representative OSPs concerning the future general implementing provisions on contract agents<\/p>\n<p><a href=\"\/wp-content\/uploads\/2016\/12\/Projet-de-D%C3%A9claration-politique.pdf\">Declaration of VP Georgieva <\/a><\/p>\n","protected":false},"excerpt":{"rendered":"<p>08 d\u00e9cembre 2016: Note \u00e0 l&rsquo;attention des OSP repr\u00e9sentatives Projet de nouvelles DGE Annexe I : modalit\u00e9 de s\u00e9lection des agents contractuels Annexe II: modalit\u00e9s de prise en compte des qualifictations et de l&rsquo;exp\u00e9rience professionnelle aux fins du classement des agents contractuels dans leur groupe de fonctions Annexe III: r\u00e8gles applicables en cas de changement [&hellip;]<\/p>\n","protected":false},"author":19,"featured_media":0,"parent":0,"menu_order":0,"comment_status":"closed","ping_status":"closed","template":"","meta":{"footnotes":""},"_links":{"self":[{"href":"https:\/\/renouveau-democratie.eu\/fr\/wp-json\/wp\/v2\/pages\/15410"}],"collection":[{"href":"https:\/\/renouveau-democratie.eu\/fr\/wp-json\/wp\/v2\/pages"}],"about":[{"href":"https:\/\/renouveau-democratie.eu\/fr\/wp-json\/wp\/v2\/types\/page"}],"author":[{"embeddable":true,"href":"https:\/\/renouveau-democratie.eu\/fr\/wp-json\/wp\/v2\/users\/19"}],"replies":[{"embeddable":true,"href":"https:\/\/renouveau-democratie.eu\/fr\/wp-json\/wp\/v2\/comments?post=15410"}],"version-history":[{"count":5,"href":"https:\/\/renouveau-democratie.eu\/fr\/wp-json\/wp\/v2\/pages\/15410\/revisions"}],"predecessor-version":[{"id":15415,"href":"https:\/\/renouveau-democratie.eu\/fr\/wp-json\/wp\/v2\/pages\/15410\/revisions\/15415"}],"wp:attachment":[{"href":"https:\/\/renouveau-democratie.eu\/fr\/wp-json\/wp\/v2\/media?parent=15410"}],"curies":[{"name":"wp","href":"https:\/\/api.w.org\/{rel}","templated":true}]}}

<p>08 décembre 2016: <a href="/wp-content/uploads/2016/12/Note-IS-to-OSP-CP-DGE-AC.pdf">Note à l&rsquo;attention des OSP représentatives </a></p>
<p><a href="/wp-content/uploads/2016/12/Projet-de-nouvelles-DGE-AC.pdf">Projet de nouvelles DGE</a></p>
<p><a href="/wp-content/uploads/2016/12/Annexe-I-DGE-AC.pdf">Annexe I</a> : modalité de sélection des agents contractuels</p>
<p><a href="/wp-content/uploads/2016/12/Annexe-II-DGE-AC.pdf">Annexe II</a>: modalités de prise en compte des qualifictations et de l&rsquo;expérience professionnelle aux fins du classement des agents contractuels dans leur groupe de fonctions</p>
<p><a href="/wp-content/uploads/2016/12/Annexe-III-DGE-AC.pdf">Annexe III</a>: règles applicables en cas de changement d&rsquo;engagement à la suite d&rsquo;un contrat avec la Commission ou avec une autre institution au sens de l&rsquo;article 1er bis du Statut</p>
<p><a href="/wp-content/uploads/2016/12/Relev%C3%A9-de-conclusions-de-la-CP-sur-les-DGE-AC.pdf">Final conclusions of the political concertation </a>meeting between Vice-President Georgieva and the representative OSPs concerning the future general implementing provisions on contract agents</p>
<p><a href="/wp-content/uploads/2016/12/Projet-de-D%C3%A9claration-politique.pdf">Declaration of VP Georgieva </a></p>

<p>08 décembre 2016: Note à l&rsquo;attention des OSP représentatives Projet de nouvelles DGE Annexe I : modalité de sélection des agents contractuels Annexe II: modalités de prise en compte des qualifictations et de l&rsquo;expérience professionnelle aux fins du classement des agents contractuels dans leur groupe de fonctions Annexe III: règles applicables en cas de changement [&hellip;]</p>
