{"id":12341,"date":"2015-03-13T00:22:22","date_gmt":"2015-03-12T23:22:22","guid":{"rendered":"\/?page_id=12341"},"modified":"2015-03-13T00:27:11","modified_gmt":"2015-03-12T23:27:11","slug":"2014-02-032-concours-internes-rd-toujours-a-vos-cotes","status":"publish","type":"page","link":"https:\/\/renouveau-democratie.eu\/fr\/14894-2\/concours-internes-2013\/nos-tracts\/2014-02-032-concours-internes-rd-toujours-a-vos-cotes\/","title":{"rendered":"2014.02.03 &#8211; Concours internes &#8211; R&#038;D toujours \u00e0 vos c\u00f4t\u00e9s !"},"content":{"rendered":"<p>Face aux cons\u00e9quences d\u00e9sastreuses de la R\u00e9forme Kinnock, <span style=\"color: #339966;\"><strong>R<\/strong><span style=\"color: #ff0000;\"><strong>&amp;<\/strong><\/span><\/span><strong><span style=\"color: #339966;\">D<\/span> <\/strong>a plaid\u00e9 et plaide encore et toujours pour l&rsquo;organisation r\u00e9guli\u00e8re de concours internes afin de r\u00e9parer le pr\u00e9judice subi par les post-2004.<\/p>\n<p>N\u00e9anmoins, <span style=\"color: #339966;\"><strong>R<\/strong><span style=\"color: #ff0000;\"><strong>&amp;<\/strong><\/span><\/span><strong><span style=\"color: #339966;\">D<\/span> <\/strong>s\u2019est oppos\u00e9 avec fermet\u00e9 aux modalit\u00e9s d\u2019organisation impos\u00e9es par la Commission pour les concours internes actuellement en cours. <strong>  <\/strong><\/p>\n<p>En particulier, comme expliqu\u00e9 lors de nos <a href=\"\/wp-content\/uploads\/2013\/07\/Rd-Concours-internes-FR.pdf\" target=\"_blank\">pr\u00e9c\u00e9dentes communications<\/a>, <span style=\"color: #339966;\"><strong>R<\/strong><span style=\"color: #ff0000;\"><strong>&amp;<\/strong><\/span><\/span><strong><span style=\"color: #339966;\">D<\/span> <\/strong>a fait remarquer son profond d\u00e9\u00adsaccord sur plusieurs points li\u00e9s \u00e0 la proc\u00e9dure : caract\u00e8re unique de l&rsquo;exercice, instrumentalisation des attentes plus que l\u00e9gitimes des coll\u00e8gues post 2004 pour g\u00e9rer la fin du mandat du coll\u00e8ge, crit\u00e8res d&rsquo;\u00e9ligibilit\u00e9 risibles, caract\u00e8re plus que discriminatoire des questions \u00e0 la base du talent screener et donc proc\u00e9dure de s\u00e9lection plus qu&rsquo;opaque, non consid\u00e9ration de l&rsquo;exp\u00e9rience professionnelle pour les AST, etc.<\/p>\n<p>Le Tribunal de la Fonction Publique Europ\u00e9enne (TFPE) a depuis lors <a href=\"\/?p=10464\" target=\"_blank\">remis en cause la m\u00e9thode de s\u00e9lection dite du \u00ab\u00a0talent screener\u00a0\u00bb<\/a>, confirmant notre analyse.<\/p>\n<p>Les r\u00e9sultats de la proc\u00e9dure de pr\u00e9-s\u00e9lection pour les concours AD sont en cours de publication et confirment toutes nos craintes.<\/p>\n<p><strong>Vous avez \u00e9t\u00e9 nombreuses et nombreux \u00e0 vous adresser \u00e0 <\/strong><span style=\"color: #339966;\"><strong>R<\/strong><span style=\"color: #ff0000;\"><strong>&amp;<\/strong><\/span><\/span><strong><span style=\"color: #339966;\">D<\/span> <\/strong><strong>pour nous faire part de votre \u00e9tonne\u00adment et m\u00eame de votre d\u00e9gout par rapport \u00e0 des d\u00e9cisions qui vous semblent incompr\u00e9hensibles et im\u00admotiv\u00e9es. Vous avez constat\u00e9 que comme nous l&rsquo;avions pr\u00e9vu des populations enti\u00e8res ont \u00e9t\u00e9 \u00e9cart\u00e9es en raison du caract\u00e8re plus que biais\u00e9 des questions \u00e0 la base du talent screener.<\/strong><\/p>\n<p><strong>Tout en comprenant votre \u00e9c\u0153urement, il ne peut pas \u00eatre question de vous laisser prendre par le d\u00e9\u00adcouragement en acceptant sans r\u00e9agir ces premiers r\u00e9sultats!<\/strong><\/p>\n<p>Soyez rassur\u00e9s qu&rsquo;aussi dans cette phase <strong><span style=\"color: #339966;\">vous pouvez compter sur<\/span> <span style=\"color: #339966;\">R<\/span><\/strong><span style=\"color: #ff0000;\"><strong>&amp;<\/strong><\/span><strong><span style=\"color: #339966;\">D<\/span> <\/strong>! En particulier, vous pouvez comp\u00adter sur tout <span style=\"color: #339966;\"><strong>notre engagement <\/strong><\/span>et nos capacit\u00e9s pour vous assister avec notre <strong><span style=\"color: #339966;\">\u00e9quipe de juristes<\/span> <\/strong>et <span style=\"color: #339966;\"><strong>notre avo\u00adcat <\/strong><\/span>dans l&rsquo;introduction de vos demandes de r\u00e9examens et vos r\u00e9clamations.<\/p>\n<p>Ainsi, comme d\u00e9j\u00e0 pour les concours externes reli\u00e9s aux affaires Glantenay et Pachtitis, les juristes de <span style=\"color: #339966;\"><strong>R<\/strong><span style=\"color: #ff0000;\"><strong>&amp;<\/strong><\/span><\/span><strong><span style=\"color: #339966;\">D<\/span> <\/strong>sont en train de pr\u00e9parer des <strong><span style=\"color: #339966;\">mod\u00e8les de r\u00e9clamation art. 90<\/span> <\/strong>\u00e0 mettre \u00e0 la disposition des candidats \u00e9cart\u00e9s dans le cadre de ces concours internes AD et AST.<\/p>\n<p>Mais notre assistance ne se limite pas \u00e0 cela! Chaque cas m\u00e9ritant une attention particuli\u00e8re, nous allons vous fournir des <strong><span style=\"color: #339966;\">conseils personnalis\u00e9s<\/span> <\/strong>et un <strong><span style=\"color: #339966;\">suivi individuel<\/span> <\/strong>au cas par cas.<\/p>\n<p>&nbsp;<\/p>\n","protected":false},"excerpt":{"rendered":"<p>Face aux cons\u00e9quences d\u00e9sastreuses de la R\u00e9forme Kinnock, R&amp;D a plaid\u00e9 et plaide encore et toujours pour l&rsquo;organisation r\u00e9guli\u00e8re de concours internes afin de r\u00e9parer le pr\u00e9judice subi par les post-2004. N\u00e9anmoins, R&amp;D s\u2019est oppos\u00e9 avec fermet\u00e9 aux modalit\u00e9s d\u2019organisation impos\u00e9es par la Commission pour les concours internes actuellement en cours. En particulier, comme expliqu\u00e9 [&hellip;]<\/p>\n","protected":false},"author":19,"featured_media":0,"parent":12295,"menu_order":0,"comment_status":"closed","ping_status":"closed","template":"","meta":{"footnotes":""},"_links":{"self":[{"href":"https:\/\/renouveau-democratie.eu\/fr\/wp-json\/wp\/v2\/pages\/12341"}],"collection":[{"href":"https:\/\/renouveau-democratie.eu\/fr\/wp-json\/wp\/v2\/pages"}],"about":[{"href":"https:\/\/renouveau-democratie.eu\/fr\/wp-json\/wp\/v2\/types\/page"}],"author":[{"embeddable":true,"href":"https:\/\/renouveau-democratie.eu\/fr\/wp-json\/wp\/v2\/users\/19"}],"replies":[{"embeddable":true,"href":"https:\/\/renouveau-democratie.eu\/fr\/wp-json\/wp\/v2\/comments?post=12341"}],"version-history":[{"count":6,"href":"https:\/\/renouveau-democratie.eu\/fr\/wp-json\/wp\/v2\/pages\/12341\/revisions"}],"predecessor-version":[{"id":12347,"href":"https:\/\/renouveau-democratie.eu\/fr\/wp-json\/wp\/v2\/pages\/12341\/revisions\/12347"}],"up":[{"embeddable":true,"href":"https:\/\/renouveau-democratie.eu\/fr\/wp-json\/wp\/v2\/pages\/12295"}],"wp:attachment":[{"href":"https:\/\/renouveau-democratie.eu\/fr\/wp-json\/wp\/v2\/media?parent=12341"}],"curies":[{"name":"wp","href":"https:\/\/api.w.org\/{rel}","templated":true}]}}

2014.02.03 &#8211; Concours internes &#8211; R&#038;D toujours à vos côtés !

<p>Face aux conséquences désastreuses de la Réforme Kinnock, <span style="color: #339966;"><strong>R</strong><span style="color: #ff0000;"><strong>&amp;</strong></span></span><strong><span style="color: #339966;">D</span> </strong>a plaidé et plaide encore et toujours pour l&rsquo;organisation régulière de concours internes afin de réparer le préjudice subi par les post-2004.</p>
<p>Néanmoins, <span style="color: #339966;"><strong>R</strong><span style="color: #ff0000;"><strong>&amp;</strong></span></span><strong><span style="color: #339966;">D</span> </strong>s’est opposé avec fermeté aux modalités d’organisation imposées par la Commission pour les concours internes actuellement en cours. <strong>  </strong></p>
<p>En particulier, comme expliqué lors de nos <a href="/wp-content/uploads/2013/07/Rd-Concours-internes-FR.pdf" target="_blank">précédentes communications</a>, <span style="color: #339966;"><strong>R</strong><span style="color: #ff0000;"><strong>&amp;</strong></span></span><strong><span style="color: #339966;">D</span> </strong>a fait remarquer son profond dé­saccord sur plusieurs points liés à la procédure : caractère unique de l&rsquo;exercice, instrumentalisation des attentes plus que légitimes des collègues post 2004 pour gérer la fin du mandat du collège, critères d&rsquo;éligibilité risibles, caractère plus que discriminatoire des questions à la base du talent screener et donc procédure de sélection plus qu&rsquo;opaque, non considération de l&rsquo;expérience professionnelle pour les AST, etc.</p>
<p>Le Tribunal de la Fonction Publique Européenne (TFPE) a depuis lors <a href="/?p=10464" target="_blank">remis en cause la méthode de sélection dite du « talent screener »</a>, confirmant notre analyse.</p>
<p>Les résultats de la procédure de pré-sélection pour les concours AD sont en cours de publication et confirment toutes nos craintes.</p>
<p><strong>Vous avez été nombreuses et nombreux à vous adresser à </strong><span style="color: #339966;"><strong>R</strong><span style="color: #ff0000;"><strong>&amp;</strong></span></span><strong><span style="color: #339966;">D</span> </strong><strong>pour nous faire part de votre étonne­ment et même de votre dégout par rapport à des décisions qui vous semblent incompréhensibles et im­motivées. Vous avez constaté que comme nous l&rsquo;avions prévu des populations entières ont été écartées en raison du caractère plus que biaisé des questions à la base du talent screener.</strong></p>
<p><strong>Tout en comprenant votre écœurement, il ne peut pas être question de vous laisser prendre par le dé­couragement en acceptant sans réagir ces premiers résultats!</strong></p>
<p>Soyez rassurés qu&rsquo;aussi dans cette phase <strong><span style="color: #339966;">vous pouvez compter sur</span> <span style="color: #339966;">R</span></strong><span style="color: #ff0000;"><strong>&amp;</strong></span><strong><span style="color: #339966;">D</span> </strong>! En particulier, vous pouvez comp­ter sur tout <span style="color: #339966;"><strong>notre engagement </strong></span>et nos capacités pour vous assister avec notre <strong><span style="color: #339966;">équipe de juristes</span> </strong>et <span style="color: #339966;"><strong>notre avo­cat </strong></span>dans l&rsquo;introduction de vos demandes de réexamens et vos réclamations.</p>
<p>Ainsi, comme déjà pour les concours externes reliés aux affaires Glantenay et Pachtitis, les juristes de <span style="color: #339966;"><strong>R</strong><span style="color: #ff0000;"><strong>&amp;</strong></span></span><strong><span style="color: #339966;">D</span> </strong>sont en train de préparer des <strong><span style="color: #339966;">modèles de réclamation art. 90</span> </strong>à mettre à la disposition des candidats écartés dans le cadre de ces concours internes AD et AST.</p>
<p>Mais notre assistance ne se limite pas à cela! Chaque cas méritant une attention particulière, nous allons vous fournir des <strong><span style="color: #339966;">conseils personnalisés</span> </strong>et un <strong><span style="color: #339966;">suivi individuel</span> </strong>au cas par cas.</p>
<p>&nbsp;</p>

<p>Face aux conséquences désastreuses de la Réforme Kinnock, R&amp;D a plaidé et plaide encore et toujours pour l&rsquo;organisation régulière de concours internes afin de réparer le préjudice subi par les post-2004. Néanmoins, R&amp;D s’est opposé avec fermeté aux modalités d’organisation imposées par la Commission pour les concours internes actuellement en cours. En particulier, comme expliqué [&hellip;]</p>
