{"id":114,"date":"2009-10-01T23:18:35","date_gmt":"2009-10-01T21:18:35","guid":{"rendered":"\/?page_id=114"},"modified":"2009-10-01T23:23:08","modified_gmt":"2009-10-01T21:23:08","slug":"concertation-sociale","status":"publish","type":"page","link":"https:\/\/renouveau-democratie.eu\/fr\/concertation-sociale\/","title":{"rendered":"Concertation Sociale"},"content":{"rendered":"<p style=\"margin-left: 30px; margin-top: 10px;\" align=\"justify\">Les             relations entre l&rsquo;Administration et les Organisations Syndicales et             Professionnelles sont organis\u00e9es sur la base des r\u00e8gles             op\u00e9rationnelles concernant les niveaux, l&rsquo;instance et les             proc\u00e9dures de concertation convenues entre la majorit\u00e9 des             Organisations Syndicales et Professionnelles et l&rsquo;Administration de             la Commission. Les concertations avec les Organisations             Syndicales et Professionnelles peuvent \u00eatre effectu\u00e9es \u00e0 trois             niveaux, (administratif, technique et politique) et sont le lieu             appropri\u00e9 pour discuter de toute modification \u00e0 la politique du             personnel de la Commission. Les projets de modification de la             politique du personnel sont trait\u00e9s dans le cadre des concertations             avec les Organisations Syndicales et Professionnelles tandis que les             relations avec le Comit\u00e9 du Personnel se concentrent sur les             questions qui touchent la mise en \u0153uvre du cadre de la politique du             personnel d\u00e9j\u00e0 \u00e9tablie.<\/p>\n<p style=\"margin-left: 30px; margin-top: 10px;\" align=\"justify\">Dans             le cas o\u00f9 les concertations ne m\u00e8neraient pas \u00e0 des solutions             accept\u00e9es par l&rsquo;Administration et par les OSP, une proc\u00e9dure de conciliation est pr\u00e9vue.<\/p>\n","protected":false},"excerpt":{"rendered":"<p>Les relations entre l&rsquo;Administration et les Organisations Syndicales et Professionnelles sont organis\u00e9es sur la base des r\u00e8gles op\u00e9rationnelles concernant les niveaux, l&rsquo;instance et les proc\u00e9dures de concertation convenues entre la majorit\u00e9 des Organisations Syndicales et Professionnelles et l&rsquo;Administration de la Commission. Les concertations avec les Organisations Syndicales et Professionnelles peuvent \u00eatre effectu\u00e9es \u00e0 trois niveaux, [&hellip;]<\/p>\n","protected":false},"author":1,"featured_media":0,"parent":0,"menu_order":0,"comment_status":"closed","ping_status":"closed","template":"","meta":{"footnotes":""},"_links":{"self":[{"href":"https:\/\/renouveau-democratie.eu\/fr\/wp-json\/wp\/v2\/pages\/114"}],"collection":[{"href":"https:\/\/renouveau-democratie.eu\/fr\/wp-json\/wp\/v2\/pages"}],"about":[{"href":"https:\/\/renouveau-democratie.eu\/fr\/wp-json\/wp\/v2\/types\/page"}],"author":[{"embeddable":true,"href":"https:\/\/renouveau-democratie.eu\/fr\/wp-json\/wp\/v2\/users\/1"}],"replies":[{"embeddable":true,"href":"https:\/\/renouveau-democratie.eu\/fr\/wp-json\/wp\/v2\/comments?post=114"}],"version-history":[{"count":0,"href":"https:\/\/renouveau-democratie.eu\/fr\/wp-json\/wp\/v2\/pages\/114\/revisions"}],"wp:attachment":[{"href":"https:\/\/renouveau-democratie.eu\/fr\/wp-json\/wp\/v2\/media?parent=114"}],"curies":[{"name":"wp","href":"https:\/\/api.w.org\/{rel}","templated":true}]}}

<p style="margin-left: 30px; margin-top: 10px;" align="justify">Les             relations entre l&rsquo;Administration et les Organisations Syndicales et             Professionnelles sont organisées sur la base des règles             opérationnelles concernant les niveaux, l&rsquo;instance et les             procédures de concertation convenues entre la majorité des             Organisations Syndicales et Professionnelles et l&rsquo;Administration de             la Commission. Les concertations avec les Organisations             Syndicales et Professionnelles peuvent être effectuées à trois             niveaux, (administratif, technique et politique) et sont le lieu             approprié pour discuter de toute modification à la politique du             personnel de la Commission. Les projets de modification de la             politique du personnel sont traités dans le cadre des concertations             avec les Organisations Syndicales et Professionnelles tandis que les             relations avec le Comité du Personnel se concentrent sur les             questions qui touchent la mise en œuvre du cadre de la politique du             personnel déjà établie.</p>
<p style="margin-left: 30px; margin-top: 10px;" align="justify">Dans             le cas où les concertations ne mèneraient pas à des solutions             acceptées par l&rsquo;Administration et par les OSP, une procédure de conciliation est prévue.</p>

<p>Les relations entre l&rsquo;Administration et les Organisations Syndicales et Professionnelles sont organisées sur la base des règles opérationnelles concernant les niveaux, l&rsquo;instance et les procédures de concertation convenues entre la majorité des Organisations Syndicales et Professionnelles et l&rsquo;Administration de la Commission. Les concertations avec les Organisations Syndicales et Professionnelles peuvent être effectuées à trois niveaux, [&hellip;]</p>
