{"id":10277,"date":"2013-09-26T11:36:39","date_gmt":"2013-09-26T10:36:39","guid":{"rendered":"\/?page_id=10277"},"modified":"2013-09-26T12:39:19","modified_gmt":"2013-09-26T11:39:19","slug":"appel-a-manifestations-dinteret-ami-pour-le-recrutement-des-collegues-ac","status":"publish","type":"page","link":"https:\/\/renouveau-democratie.eu\/fr\/agents-contractuels\/appel-a-manifestations-dinteret-ami-pour-le-recrutement-des-collegues-ac\/","title":{"rendered":"Appel \u00e0 manifestations d\u2019int\u00e9r\u00eat (AMI) pour le recrutement des coll\u00e8gues AC."},"content":{"rendered":"<p><span style=\"font-size: medium;\"><span style=\"color: #000000;\"><span style=\"font-family: Times New Roman;\">Depuis\u00a02006 la mise en place de tests ouverts et anonymes (CAST) pour le recrutement des AC a \u00e9t\u00e9 un principe de base qui semblait \u00eatre acquis et dont nous pouvions tous nous r\u00e9jouir.<\/span><\/span><\/span><\/p>\n<p><span style=\"font-size: medium;\"><span style=\"color: #000000;\"><span style=\"font-family: Times New Roman;\">Sur base de la nouvelle politique de recrutement \u00e0 la Commission, les candidats sont tenus de transmettre leur CV et \u00e9tant de ce fait inscrits dans une base de donn\u00e9es, ils devront attendre que quelqu\u2019un les s\u00e9lectionne parmi des milliers d\u2019autres candidats en les invitant \u00e0 un entretien. <\/span><\/span><\/span><\/p>\n<p><span style=\"font-size: medium;\"><span style=\"color: #000000;\"><span style=\"font-family: Times New Roman;\">Vous avez \u00e9t\u00e9 tr\u00e8s nombreux \u00e0 nous demander des conseils et \u00e0 nous interroger sur <\/span><\/span><\/span><span style=\"font-size: medium;\"><span style=\"color: #000000;\"><span style=\"font-family: Times New Roman;\"><span style=\"font-size: medium;\"><span style=\"font-family: Times New Roman;\"><span style=\"color: #000000;\">cette nouvelle m\u00e9thode de s\u00e9lection des candidats AC.<\/span><\/span><\/span><\/span><\/span><\/span><\/p>\n<p><span style=\"font-size: medium;\"><span style=\"color: #000000;\"><span style=\"font-family: Times New Roman;\"><strong><span style=\"color: #339966;\">R<span style=\"color: #ff0000;\">&amp;<\/span>D<\/span><\/strong> tout comme l\u2019ensemble de la repr\u00e9sentation du personnel a refus\u00e9 avec fermet\u00e9 l\u2019approche envisag\u00e9e. <\/span><\/span><\/span><\/p>\n<p><span style=\"color: #000000;\"><span style=\"color: #000000;\"><span style=\"color: #000000;\"><span style=\"font-size: medium;\"><span style=\"font-family: Times New Roman;\"><span style=\"color: #000000;\"> D\u00e8s que la CIS (consultation interservices)\u00a0a \u00e9t\u00e9 lanc\u00e9e, le Comit\u00e9 Central du personnel a d&rsquo;abord <a href=\"\/wp-content\/uploads\/2013\/09\/d049_note-sefcovic_s\u00e9lection_AC3_ter.pdf\"><strong>alert\u00e9 l&rsquo;administration<\/strong><\/a><strong>\u00a0<\/strong>sur les risques d\u00e9coulant de l\u2019approche envisag\u00e9e, et puis,\u00a0a <span style=\"color: #000000; font-family: Times New Roman; font-size: medium;\">\u00e9mis <\/span><a href=\"\/wp-content\/uploads\/2013\/09\/d054-souka-suspension-ac-VF-3.pdf\"><strong>un avis absolument n\u00e9gatif<\/strong><\/a> en r\u00e9affirmant les principes de base devant r\u00e9gir toute proc\u00e9dure de recrutement de nos coll\u00e8gues AC. <\/span><\/span><\/span><\/span><\/span><\/span><\/p>\n<p><span style=\"color: #000000;\"><span style=\"color: #000000;\"><span style=\"color: #000000;\"><span style=\"font-size: medium;\"><span style=\"font-family: Times New Roman;\"><span style=\"color: #000000;\"><span style=\"color: #000000;\"><strong><span style=\"color: #339966;\">R<span style=\"color: #ff0000;\">&amp;<\/span>D<\/span><\/strong>\u00a0met tout en \u0153uvre pour qu\u2019EPSO puisse organiser dans les plus brefs d\u00e9lais les proc\u00e9dures de s\u00e9lection impos\u00e9es par les DGE et ceci afin\u00a0<\/span><\/span><\/span><\/span><\/span><\/span><\/span><span style=\"font-size: medium;\"><span style=\"color: #000000;\"><span style=\"font-family: Times New Roman;\">de limiter autant que possible l\u2019ampleur des d\u00e9g\u00e2ts tant pour l\u2019institution que pour les coll\u00e8gues. <\/span><\/span><\/span><\/p>\n<p>&nbsp;<\/p>\n<p>&nbsp;<\/p>\n<p>&nbsp;<\/p>\n<p>&nbsp;<\/p>\n<p>&nbsp;<\/p>\n<p>&nbsp;<\/p>\n","protected":false},"excerpt":{"rendered":"<p>Depuis\u00a02006 la mise en place de tests ouverts et anonymes (CAST) pour le recrutement des AC a \u00e9t\u00e9 un principe de base qui semblait \u00eatre acquis et dont nous pouvions tous nous r\u00e9jouir. Sur base de la nouvelle politique de recrutement \u00e0 la Commission, les candidats sont tenus de transmettre leur CV et \u00e9tant de [&hellip;]<\/p>\n","protected":false},"author":19,"featured_media":0,"parent":28,"menu_order":0,"comment_status":"closed","ping_status":"closed","template":"","meta":{"footnotes":""},"_links":{"self":[{"href":"https:\/\/renouveau-democratie.eu\/fr\/wp-json\/wp\/v2\/pages\/10277"}],"collection":[{"href":"https:\/\/renouveau-democratie.eu\/fr\/wp-json\/wp\/v2\/pages"}],"about":[{"href":"https:\/\/renouveau-democratie.eu\/fr\/wp-json\/wp\/v2\/types\/page"}],"author":[{"embeddable":true,"href":"https:\/\/renouveau-democratie.eu\/fr\/wp-json\/wp\/v2\/users\/19"}],"replies":[{"embeddable":true,"href":"https:\/\/renouveau-democratie.eu\/fr\/wp-json\/wp\/v2\/comments?post=10277"}],"version-history":[{"count":20,"href":"https:\/\/renouveau-democratie.eu\/fr\/wp-json\/wp\/v2\/pages\/10277\/revisions"}],"predecessor-version":[{"id":10281,"href":"https:\/\/renouveau-democratie.eu\/fr\/wp-json\/wp\/v2\/pages\/10277\/revisions\/10281"}],"up":[{"embeddable":true,"href":"https:\/\/renouveau-democratie.eu\/fr\/wp-json\/wp\/v2\/pages\/28"}],"wp:attachment":[{"href":"https:\/\/renouveau-democratie.eu\/fr\/wp-json\/wp\/v2\/media?parent=10277"}],"curies":[{"name":"wp","href":"https:\/\/api.w.org\/{rel}","templated":true}]}}

Appel à manifestations d’intérêt (AMI) pour le recrutement des collègues AC.

<p><span style="font-size: medium;"><span style="color: #000000;"><span style="font-family: Times New Roman;">Depuis 2006 la mise en place de tests ouverts et anonymes (CAST) pour le recrutement des AC a été un principe de base qui semblait être acquis et dont nous pouvions tous nous réjouir.</span></span></span></p>
<p><span style="font-size: medium;"><span style="color: #000000;"><span style="font-family: Times New Roman;">Sur base de la nouvelle politique de recrutement à la Commission, les candidats sont tenus de transmettre leur CV et étant de ce fait inscrits dans une base de données, ils devront attendre que quelqu’un les sélectionne parmi des milliers d’autres candidats en les invitant à un entretien. </span></span></span></p>
<p><span style="font-size: medium;"><span style="color: #000000;"><span style="font-family: Times New Roman;">Vous avez été très nombreux à nous demander des conseils et à nous interroger sur </span></span></span><span style="font-size: medium;"><span style="color: #000000;"><span style="font-family: Times New Roman;"><span style="font-size: medium;"><span style="font-family: Times New Roman;"><span style="color: #000000;">cette nouvelle méthode de sélection des candidats AC.</span></span></span></span></span></span></p>
<p><span style="font-size: medium;"><span style="color: #000000;"><span style="font-family: Times New Roman;"><strong><span style="color: #339966;">R<span style="color: #ff0000;">&amp;</span>D</span></strong> tout comme l’ensemble de la représentation du personnel a refusé avec fermeté l’approche envisagée. </span></span></span></p>
<p><span style="color: #000000;"><span style="color: #000000;"><span style="color: #000000;"><span style="font-size: medium;"><span style="font-family: Times New Roman;"><span style="color: #000000;"> Dès que la CIS (consultation interservices) a été lancée, le Comité Central du personnel a d&rsquo;abord <a href="/wp-content/uploads/2013/09/d049_note-sefcovic_sélection_AC3_ter.pdf"><strong>alerté l&rsquo;administration</strong></a><strong> </strong>sur les risques découlant de l’approche envisagée, et puis, a <span style="color: #000000; font-family: Times New Roman; font-size: medium;">émis </span><a href="/wp-content/uploads/2013/09/d054-souka-suspension-ac-VF-3.pdf"><strong>un avis absolument négatif</strong></a> en réaffirmant les principes de base devant régir toute procédure de recrutement de nos collègues AC. </span></span></span></span></span></span></p>
<p><span style="color: #000000;"><span style="color: #000000;"><span style="color: #000000;"><span style="font-size: medium;"><span style="font-family: Times New Roman;"><span style="color: #000000;"><span style="color: #000000;"><strong><span style="color: #339966;">R<span style="color: #ff0000;">&amp;</span>D</span></strong> met tout en œuvre pour qu’EPSO puisse organiser dans les plus brefs délais les procédures de sélection imposées par les DGE et ceci afin </span></span></span></span></span></span></span><span style="font-size: medium;"><span style="color: #000000;"><span style="font-family: Times New Roman;">de limiter autant que possible l’ampleur des dégâts tant pour l’institution que pour les collègues. </span></span></span></p>
<p>&nbsp;</p>
<p>&nbsp;</p>
<p>&nbsp;</p>
<p>&nbsp;</p>
<p>&nbsp;</p>
<p>&nbsp;</p>

<p>Depuis 2006 la mise en place de tests ouverts et anonymes (CAST) pour le recrutement des AC a été un principe de base qui semblait être acquis et dont nous pouvions tous nous réjouir. Sur base de la nouvelle politique de recrutement à la Commission, les candidats sont tenus de transmettre leur CV et étant de [&hellip;]</p>
